mmon divisor of k and 24.
24
Let u = 295 - -23. Calculate the greatest common factor of 18 and u.
6
Suppose 2*w + 3*a - 345 = 0, 920 = 5*w - 8*a + 4*a. Suppose w = -0*j - 3*j. Let v = j + 144. What is the greatest common divisor of v and 21?
21
Suppose -26 = -u + 44. Calculate the highest common divisor of u and 42.
14
Suppose 0 + 255 = 3*y. Let t = 38 - -31. Let f = -52 + t. Calculate the greatest common divisor of f and y.
17
Let k(i) = 4*i**2 - 2*i. Let x be k(5). Let j(w) = 31 - 48 + 10*w - w**2 + w + 25. Let f be j(10). Calculate the highest common divisor of x and f.
18
Let l(w) = -3 - 14*w - 9*w - 7*w. Let c be l(-2). Suppose 43 = 5*o - 52. Calculate the highest common divisor of o and c.
19
Let s(c) = 4*c**3 + 2*c**2 - c - 2. Suppose 5*m - 10 = -0*m. Let g be s(m). Suppose g - 14 = h. What is the greatest common divisor of h and 2?
2
Let k = -25 - -27. Suppose -2*r + 16 = k*r. Suppose -80 = r*f - 8*f. Calculate the highest common divisor of 40 and f.
20
Let i be (-394)/(-7) + (-2)/7. Let j = 1426 - 1410. What is the greatest common divisor of i and j?
8
Suppose 0 = -2*b - 3*n + 108, -2*b = -b - 5*n - 67. What is the highest common factor of 76 and b?
19
Let y = 1072 + -936. Suppose -2*v - 5*l + 59 = 0, -92 = -3*v - 4*l - 21. What is the highest common factor of y and v?
17
Let l(o) be the third derivative of -o**6/120 + o**5/10 + 5*o**4/24 + 4*o**3 + 13*o**2. Let s be l(7). What is the greatest common divisor of 15 and s?
5
Let c(i) = i**3 - 20*i**2 + 20*i + 3. Let n be (2 + 69/(-6))*-2. Let y be c(n). Calculate the greatest common divisor of y and 11.
11
Suppose 0*c - 5*c - 4*o + 76 = 0, -3*c + o + 32 = 0. Let m be 3 - ((-8)/c*3 - 328). Calculate the highest common divisor of m and 37.
37
Let k be (2/(-6))/(-21 - (-17996)/858). Calculate the greatest common factor of k and 4.
1
Suppose -24*c = -18*c - 2124. What is the highest common factor of c and 18?
6
Suppose 4*h + 7 + 0 = 3*c, 5*h = c - 6. Let r be 168/3 + (1 - c). Let p = -19 + 33. Calculate the greatest common divisor of p and r.
14
Let q = -190 - -567. Calculate the greatest common factor of q and 29.
29
Let u = 1554 + -1212. Calculate the highest common factor of u and 54.
18
Let k = 550 + 2234. What is the greatest common factor of k and 29?
29
Let f be (-3)/15 + 661/5. Suppose 35 = 5*q + 5*p, 5*p = q + 8*p + 3. What is the highest common divisor of q and f?
12
Let u be ((-1)/(-3) - 0) + (-17)/51. Suppose -3*d = -5*p + 39 - 131, u = 3*d + p - 68. Calculate the greatest common factor of d and 16.
8
Let l(w) = 30*w - 224. Let x be l(16). What is the greatest common factor of 8 and x?
8
Let h(t) = 70*t**3 + t - 1. Let z be h(1). Calculate the greatest common divisor of 14 and z.
14
Let m(b) = 8*b - 86. Let i be m(13). Suppose 0 = 4*g - 2*y - 68, -3*y = -0*g - 2*g + 30. Calculate the highest common factor of g and i.
18
Suppose 19*n + 3*n = 16720. Calculate the greatest common factor of 10 and n.
10
Let c be (-201)/(-5) + (-15)/75. Calculate the highest common factor of 90 and c.
10
Let g = -11 + 20. Let m = 16 + -25. Let h be 2/m - (-542)/g. Calculate the greatest common divisor of h and 20.
20
Suppose 0 = -2*h + h - p, -2*h + p + 9 = 0. Suppose h*z - 200 = -65. What is the greatest common divisor of z and 9?
9
Let u = 55 - 52. Suppose 0 = u*c + 12, 3*g - c - 41 - 23 = 0. What is the greatest common divisor of g and 60?
20
Let l = 69 - 62. Suppose l*f + 27 = 10*f. Let b be (-21)/1*(-48)/14. What is the highest common factor of f and b?
9
Let r be (-1197)/(-114)*(-40)/(-6). What is the greatest common factor of 90 and r?
10
Suppose -2*b = k - 978, -65 = -k + 4*b + 895. Calculate the greatest common divisor of 18 and k.
18
Suppose 4*a = 7*a - 60. Let w = a + -37. Let t = 34 + w. What is the greatest common divisor of t and 187?
17
Let v = -7 + 10. Suppose 5*q + 5 = 3*t, 4*t = v*t + 5. Suppose 2*m + 75 = 5*d, -d + q*d + 2*m - 3 = 0. Calculate the greatest common factor of d and 13.
13
Suppose 3*o - 1028 = -110. What is the highest common divisor of 6 and o?
6
Suppose 4*t + 2*h + 112 = 0, 3*t + h = -98 + 15. Let b = 41 + t. Suppose -2*y = n + 2*n - 12, -2*y + b = 4*n. What is the greatest common factor of y and 9?
3
Let s(q) = 4*q**2 + 5*q - 6. Let b be s(6). Let g(j) = 20*j**3 + 2*j**2 - 1. Let d be g(1). What is the highest common divisor of d and b?
21
Let y = -695 - -740. Suppose -23 = 4*g - 323. What is the greatest common divisor of y and g?
15
Suppose 0 = -4*i + 93 + 47. Let d be (-2)/(-21) + 1*1466/42. What is the highest common divisor of d and i?
35
Let a(i) = i**3 + 4*i**2 - 15*i + 25. Let z be a(4). Calculate the highest common divisor of z and 62.
31
Let h(s) = 2*s - 2. Let i be h(3). Let p(k) = -k**3 - 7*k**2 - k - 3. Let j be 2*(9/(-6) - 2). Let b be p(j). Calculate the highest common divisor of b and i.
4
Let r = -778 + 1093. Calculate the highest common divisor of 175 and r.
35
Let u be (150/12 + -10)*456/15. Calculate the highest common factor of 36 and u.
4
Let b be (-2)/9 - 1022/(-63). Let f = b + -4. Suppose -2*w - f + 34 = 0. What is the greatest common factor of w and 11?
11
Suppose -4*f + 12 = 4*k - k, 4*k = -16. Let o be f/4*(4 - 2). Let q = 19 - o. What is the greatest common divisor of q and 176?
16
Let p = 227 + -199. What is the highest common divisor of p and 98?
14
Let w be ((-22)/(-6) - 4)*-117. Let i = w + -29. Calculate the highest common factor of 30 and i.
10
Let f be 1/(6/128)*3. Let r be (8 - -7) + -3*(1 + 0). Suppose 5*d - 4*d + 2*g = r, -d + 3*g + 22 = 0. Calculate the greatest common factor of d and f.
16
Suppose -201*l + 214*l - 78 = 0. Let o = 45 - 15. Calculate the highest common divisor of l and o.
6
Let a be (132/30 + -4)/((-1)/(-30)). Suppose -24 = 11*g - a*g. What is the highest common divisor of g and 16?
8
Suppose -5*x - 16 = -76. Let o = 40 - -13. Suppose -43 = -l + o. What is the greatest common factor of l and x?
12
Suppose 0 = -7*t + 200 + 108. Calculate the greatest common factor of t and 28.
4
Let j(u) = u**2 - 2*u + 18. Let t be (-2)/6 + (-5)/(-15). Let c be j(t). Calculate the greatest common factor of c and 198.
18
Let c = 75 - 73. Suppose 107 = v + c*w + 39, -w = 4*v - 279. Calculate the greatest common divisor of v and 10.
10
Let l(x) = -x**2 - 4*x + 10. Let r be l(-9). Let d(g) = 3*g**2 - 3*g - 9. Let z be d(-4). Let w = z + r. Calculate the highest common factor of w and 2.
2
Let k = -163 + 367. What is the greatest common divisor of k and 24?
12
Let t = -345 + 362. Let y(l) = 17*l. Let r be y(8). Calculate the greatest common factor of r and t.
17
Suppose 2*n + 62 - 10 = 2*g, 2*n = g - 22. Let x = 5 - 1. Suppose a = -3*q + 130, q - x = -4*a + 21. What is the greatest common factor of q and g?
15
Suppose 35 = 5*v + 5*y - 0*y, -4*v + 8 = -y. What is the highest common factor of v and 21?
3
Suppose -1428 = -3*i - 4*i. What is the greatest common factor of i and 357?
51
Suppose 2 = q - 18. Let j be (20/(-7))/(336/(-4704)). Calculate the greatest common divisor of q and j.
20
Let s = 3 + -1. Suppose 5*f = 3*u - 1 + 33, -2*u = -5*f + 28. Calculate the highest common divisor of f and s.
2
Let v be 63 - -3*56/(-24). What is the greatest common divisor of v and 264?
8
Let m be (-70)/(-18) - 2/(-18). Suppose -4*a + 2*t + 670 = 0, 3*a + a + m*t = 676. Calculate the highest common factor of 28 and a.
28
Suppose 3*a - 5*b = 25, -2*a - 4*b = -6*b - 22. Calculate the greatest common factor of a and 60.
15
Let j(c) = 37*c + 36. Let z(p) = -7*p - 7. Let t(o) = 2*j(o) + 11*z(o). Let v be t(-10). Calculate the highest common divisor of v and 5.
5
Suppose 64*j - 5*j = 4425. What is the greatest common divisor of 45 and j?
15
Let t(w) = w**3 + 8*w**2 + 8*w. Let q be t(-6). Suppose 4*j - 36 = q. Suppose -j = -n - 4. What is the highest common divisor of 88 and n?
11
Let t be (11 + -12)/((-1)/(-6)). Let v = 20 + t. Suppose -l + 18 = -2*s, 3*l + 3*s = v - 5. Calculate the greatest common factor of l and 24.
8
Let i = -2 + 7. Suppose d + 10 = -q - 0*q, 60 = -i*q - 3*d. Let c be q/6*(1 + -15). Calculate the highest common divisor of 14 and c.
7
Suppose 5*s + 23 = -2. Let j be 13536/252 + (1 - s/(-7)). What is the highest common divisor of 36 and j?
18
Let r(g) = -g**3 + 5*g**2 + 6*g - 7. Let d be r(3). Calculate the highest common factor o